 18?
18
Calculate the highest common factor of 1230 and 5225450.
410
Calculate the highest common divisor of 621411 and 176784.
381
Calculate the highest common divisor of 58766440 and 30.
10
What is the greatest common divisor of 75614166 and 47321?
599
Calculate the highest common divisor of 3 and 71346828.
3
What is the highest common factor of 10045 and 319480?
245
What is the greatest common factor of 27264 and 15560832?
384
Calculate the greatest common factor of 5404 and 3626470.
386
Calculate the greatest common factor of 113175 and 66025.
25
What is the highest common divisor of 64 and 1378576?
16
What is the greatest common factor of 155324 and 7460076?
1508
Calculate the highest common divisor of 302 and 520083411.
151
Calculate the highest common factor of 18 and 1750894.
2
Calculate the highest common factor of 652 and 52751364.
652
What is the greatest common factor of 108 and 182089242?
54
Calculate the greatest common divisor of 7020 and 1152647145.
1755
What is the greatest common divisor of 164960418 and 42?
42
What is the highest common divisor of 291 and 11470929?
291
Calculate the greatest common factor of 241358 and 78.
26
Calculate the greatest common factor of 18115 and 40.
5
Calculate the greatest common divisor of 126 and 2173194.
18
Calculate the highest common factor of 297738 and 26894.
238
What is the highest common divisor of 6708 and 41329106?
1118
What is the highest common factor of 885794 and 82212?
806
Calculate the highest common divisor of 2017166 and 185.
37
What is the greatest common factor of 45 and 87209040?
15
Calculate the highest common divisor of 13566 and 703689.
21
What is the greatest common divisor of 2449533966 and 13508?
6754
Calculate the highest common divisor of 1160 and 307110.
290
Calculate the highest common divisor of 1932 and 191462166.
966
Calculate the highest common factor of 6919024 and 134924.
1516
What is the highest common factor of 1968 and 856941?
123
Calculate the greatest common divisor of 42707685 and 6.
3
What is the greatest common factor of 1125 and 57251625?
375
Calculate the greatest common factor of 7325032 and 5016.
1672
Calculate the greatest common divisor of 32 and 571432.
8
Calculate the greatest common factor of 526743 and 135.
27
What is the highest common divisor of 50 and 71790060?
10
What is the highest common divisor of 11856 and 970178?
38
What is the highest common factor of 926584 and 784?
8
What is the highest common factor of 10660986 and 144?
18
Calculate the highest common divisor of 784 and 3909552.
16
What is the greatest common factor of 394 and 1749179942?
394
What is the greatest common factor of 78770720 and 4028?
212
What is the greatest common divisor of 13642 and 12501098?
718
Calculate the highest common divisor of 3 and 2096819.
1
Calculate the highest common factor of 23847309 and 3654.
261
Calculate the greatest common divisor of 30240 and 8662032.
432
What is the highest common factor of 2201734 and 610?
122
Calculate the greatest common divisor of 42 and 23427.
3
What is the greatest common factor of 316771 and 156527?
413
Calculate the highest common divisor of 598514290 and 66.
22
What is the greatest common factor of 19654074 and 4488?
1122
What is the highest common factor of 26514285 and 483?
483
What is the greatest common factor of 12565868 and 126?
14
What is the greatest common divisor of 671340 and 67635?
2505
What is the highest common factor of 8288 and 1314008528?
4144
What is the highest common factor of 291 and 1876796643?
291
Calculate the highest common divisor of 649107 and 30276.
261
What is the greatest common divisor of 337810 and 14215659?
3071
Calculate the highest common divisor of 299 and 103781612.
23
Calculate the greatest common factor of 14205014 and 1214.
1214
Calculate the highest common divisor of 108 and 8488236.
12
Calculate the highest common divisor of 162302 and 10388.
14
What is the highest common factor of 611 and 913679?
13
What is the highest common factor of 25434 and 1268874?
2826
Calculate the greatest common divisor of 3120 and 14159730.
390
What is the highest common factor of 3204504 and 90?
18
Calculate the highest common divisor of 141024 and 215904.
1248
What is the greatest common divisor of 583500 and 14760605?
1945
Calculate the highest common factor of 226491552 and 28032.
7008
Calculate the greatest common divisor of 1791797 and 1099.
7
Calculate the highest common factor of 42 and 96346362.
42
What is the highest common factor of 5384 and 78097612?
2692
Calculate the highest common divisor of 77473808 and 32.
16
What is the greatest common factor of 12771 and 3088389?
129
Calculate the highest common factor of 14269648 and 6948.
772
Calculate the greatest common factor of 27470912 and 17.
17
Calculate the highest common divisor of 3790710 and 40733.
77
What is the greatest common factor of 585 and 1376685?
45
Calculate the highest common factor of 4004910 and 2790.
90
What is the highest common factor of 448 and 247473632?
224
Calculate the greatest common divisor of 3963 and 621453.
3
Calculate the highest common divisor of 648 and 1313808.
24
Calculate the greatest common divisor of 526440 and 54735.
615
Calculate the highest common divisor of 143727 and 5382.
69
Calculate the greatest common factor of 6391 and 234157110.
913
What is the highest common factor of 110079 and 1545?
3
What is the greatest common factor of 108 and 153264204?
108
Calculate the highest common divisor of 827111164 and 88.
44
What is the highest common factor of 74102 and 72170055?
5293
Calculate the greatest common divisor of 18387 and 106920.
81
What is the highest common factor of 3039116 and 496?
124
What is the greatest common factor of 10614 and 671488?
122
What is the highest common factor of 378 and 70311564?
54
What is the highest common factor of 2130509268 and 10376?
5188
What is the highest common factor of 1763100 and 510?
30
Calculate the greatest common factor of 15430 and 730.
10
Calculate the highest common factor of 2970 and 1244243.
11
Calculate the greatest common divisor of 110751 and 96483.
87
What is the highest common divisor of 2326455 and 6661305?
2565
Calculate the highest common divisor of 15780 and 23145.
15
What is the highest common divisor of 16430 and 979758?
106
What is the highest common factor of 184 and 173050456?
8
Calculate the highest common factor of 63275292 and 540.
36
Calculate the highest common divisor of 80434415 and 205.
205
Calculate the greatest common factor of 30866 and 27048.
46
What is the greatest common factor of 6767224 and 34680?
2312
Calculate the highest common factor of 2168702 and 13930.
398
Calculate the greatest common divisor of 107000 and 151000.
1000
Calculate the highest common divisor of 1131 and 681616.
377
What is the greatest common factor of 1800 and 417562800?
600
Calculate the greatest common factor of 1422655 and 2353.
13
Calculate the greatest common divisor of 327945842 and 42.
14
What is the highest common divisor of 900 and 28174725?
225
What is the highest common divisor of 208369 and 754579?
2023
What is the highest common divisor of 222605010 and 1215?
1215
Calculate the highest common factor of 16366 and 889.
7
Calculate the highest common divisor of 747 and 2357117.
83
Calculate the greatest common divisor of 4939285 and 325.
65
What is the greatest common divisor of 51590 and 7780?
10
Calculate the highest common factor of 605 and 5595370.
55
What is the highest common divisor of 816 and 2578448?
16
What is the greatest common divisor of 90 and 197595?
45
Calculate the highest common factor of 40390202 and 2914.
94
Calculate the greatest common divisor of 2192 and 7669671.
137
What is the highest common factor of 1237092172 and 772?
772
Calculate the highest common divisor of 72 and 194117499.
9
What is the highest common factor of 101170 and 789730?
1510
Calculate the highest common factor of 678223 and 201488.
1799
What is the highest common divisor of 610 and 105629735?
305
Calculate the highest common divisor of 99 and 29922959.
11
What is the greatest common divisor of 22568832 and 1233?
1233
Calculate the highest common divisor of 28216 and 1617383444.
14108
Calculate the highest common factor of 15176 and 